{"id":13441,"date":"2026-04-14T10:35:38","date_gmt":"2026-04-14T08:35:38","guid":{"rendered":"https:\/\/dantz.eu\/festival\/?post_type=artista&#038;p=13441"},"modified":"2026-04-27T10:37:14","modified_gmt":"2026-04-27T08:37:14","slug":"angela-grief","status":"publish","type":"artista","link":"https:\/\/dantz.eu\/festival\/artista\/angela-grief\/","title":{"rendered":"Angela Grief"},"content":{"rendered":"\n<p>Artista cuyo recorrido nace en el hip hop, comenzando como MC antes de dar el salto a los platos, donde la mezcla de vinilo se convierte en su principal forma de expresi\u00f3n. El vinilo deja de ser un formato para convertirse en herramienta y lenguaje propio, desarrollando un enfoque personal y org\u00e1nico. En El Cubo (Le\u00f3n), espacio de autogesti\u00f3n cultural, encuentra el contexto para consolidar una forma colectiva de construir escena. Actualmente forma parte del sello y colectivo Distrito 91, donde combina su labor como DJ y promotora, defendiendo el electro como sonido de nicho. Sus sets, marcados por una relaci\u00f3n directa y expresiva con el vinilo, se abren tambi\u00e9n al techno y los breaks, dando lugar a sesiones \u00fanicas en constante evoluci\u00f3n.<\/p>\n","protected":false},"featured_media":13560,"menu_order":0,"template":"","class_list":["post-13441","artista","type-artista","status-publish","has-post-thumbnail","hentry"],"acf":[],"yoast_head":"<!-- This site is optimized with the Yoast SEO plugin v23.5 - https:\/\/yoast.com\/wordpress\/plugins\/seo\/ -->\n<title>Angela Grief - Dantz Festival<\/title>\n<meta name=\"robots\" content=\"index, follow, max-snippet:-1, max-image-preview:large, max-video-preview:-1\" \/>\n<link rel=\"canonical\" href=\"https:\/\/dantz.eu\/festival\/artista\/angela-grief\/\" \/>\n<meta property=\"og:locale\" content=\"es_ES\" \/>\n<meta property=\"og:type\" content=\"article\" \/>\n<meta property=\"og:title\" content=\"Angela Grief - Dantz Festival\" \/>\n<meta property=\"og:description\" content=\"Artista cuyo recorrido nace en el hip hop, comenzando como MC antes de dar el salto a los platos, donde la mezcla de vinilo se convierte en su principal forma de expresi\u00f3n. El vinilo deja de ser un formato para convertirse en herramienta y lenguaje propio, desarrollando un enfoque personal y org\u00e1nico. En El Cubo [&hellip;]\" \/>\n<meta property=\"og:url\" content=\"https:\/\/dantz.eu\/festival\/artista\/angela-grief\/\" \/>\n<meta property=\"og:site_name\" content=\"Dantz Festival\" \/>\n<meta property=\"article:modified_time\" content=\"2026-04-27T08:37:14+00:00\" \/>\n<meta property=\"og:image\" content=\"https:\/\/dantz.eu\/festival\/wp-content\/uploads\/sites\/3\/2026\/04\/Copia-de-ANGELA_GRIEF_PIC_01.jpg\" \/>\n\t<meta property=\"og:image:width\" content=\"1133\" \/>\n\t<meta property=\"og:image:height\" content=\"1133\" \/>\n\t<meta property=\"og:image:type\" content=\"image\/jpeg\" \/>\n<meta name=\"twitter:card\" content=\"summary_large_image\" \/>\n<meta name=\"twitter:label1\" content=\"Tiempo de lectura\" \/>\n\t<meta name=\"twitter:data1\" content=\"1 minuto\" \/>\n<script type=\"application\/ld+json\" class=\"yoast-schema-graph\">{\"@context\":\"https:\/\/schema.org\",\"@graph\":[{\"@type\":\"WebPage\",\"@id\":\"https:\/\/dantz.eu\/festival\/artista\/angela-grief\/\",\"url\":\"https:\/\/dantz.eu\/festival\/artista\/angela-grief\/\",\"name\":\"Angela Grief - Dantz Festival\",\"isPartOf\":{\"@id\":\"https:\/\/dantz.eu\/festival\/#website\"},\"primaryImageOfPage\":{\"@id\":\"https:\/\/dantz.eu\/festival\/artista\/angela-grief\/#primaryimage\"},\"image\":{\"@id\":\"https:\/\/dantz.eu\/festival\/artista\/angela-grief\/#primaryimage\"},\"thumbnailUrl\":\"https:\/\/dantz.eu\/festival\/wp-content\/uploads\/sites\/3\/2026\/04\/Copia-de-ANGELA_GRIEF_PIC_01.jpg\",\"datePublished\":\"2026-04-14T08:35:38+00:00\",\"dateModified\":\"2026-04-27T08:37:14+00:00\",\"breadcrumb\":{\"@id\":\"https:\/\/dantz.eu\/festival\/artista\/angela-grief\/#breadcrumb\"},\"inLanguage\":\"es\",\"potentialAction\":[{\"@type\":\"ReadAction\",\"target\":[\"https:\/\/dantz.eu\/festival\/artista\/angela-grief\/\"]}]},{\"@type\":\"ImageObject\",\"inLanguage\":\"es\",\"@id\":\"https:\/\/dantz.eu\/festival\/artista\/angela-grief\/#primaryimage\",\"url\":\"https:\/\/dantz.eu\/festival\/wp-content\/uploads\/sites\/3\/2026\/04\/Copia-de-ANGELA_GRIEF_PIC_01.jpg\",\"contentUrl\":\"https:\/\/dantz.eu\/festival\/wp-content\/uploads\/sites\/3\/2026\/04\/Copia-de-ANGELA_GRIEF_PIC_01.jpg\",\"width\":1133,\"height\":1133,\"caption\":\"ANGELA_GRIEF_PIC_01\"},{\"@type\":\"BreadcrumbList\",\"@id\":\"https:\/\/dantz.eu\/festival\/artista\/angela-grief\/#breadcrumb\",\"itemListElement\":[{\"@type\":\"ListItem\",\"position\":1,\"name\":\"Portada\",\"item\":\"https:\/\/dantz.eu\/festival\/\"},{\"@type\":\"ListItem\",\"position\":2,\"name\":\"Angela Grief\"}]},{\"@type\":\"WebSite\",\"@id\":\"https:\/\/dantz.eu\/festival\/#website\",\"url\":\"https:\/\/dantz.eu\/festival\/\",\"name\":\"Dantz Festival\",\"description\":\"Contemporary &amp; Electronic Music\",\"potentialAction\":[{\"@type\":\"SearchAction\",\"target\":{\"@type\":\"EntryPoint\",\"urlTemplate\":\"https:\/\/dantz.eu\/festival\/?s={search_term_string}\"},\"query-input\":{\"@type\":\"PropertyValueSpecification\",\"valueRequired\":true,\"valueName\":\"search_term_string\"}}],\"inLanguage\":\"es\"}]}<\/script>\n<!-- \/ Yoast SEO plugin. -->","yoast_head_json":{"title":"Angela Grief - Dantz Festival","robots":{"index":"index","follow":"follow","max-snippet":"max-snippet:-1","max-image-preview":"max-image-preview:large","max-video-preview":"max-video-preview:-1"},"canonical":"https:\/\/dantz.eu\/festival\/artista\/angela-grief\/","og_locale":"es_ES","og_type":"article","og_title":"Angela Grief - Dantz Festival","og_description":"Artista cuyo recorrido nace en el hip hop, comenzando como MC antes de dar el salto a los platos, donde la mezcla de vinilo se convierte en su principal forma de expresi\u00f3n. El vinilo deja de ser un formato para convertirse en herramienta y lenguaje propio, desarrollando un enfoque personal y org\u00e1nico. En El Cubo [&hellip;]","og_url":"https:\/\/dantz.eu\/festival\/artista\/angela-grief\/","og_site_name":"Dantz Festival","article_modified_time":"2026-04-27T08:37:14+00:00","og_image":[{"width":1133,"height":1133,"url":"https:\/\/dantz.eu\/festival\/wp-content\/uploads\/sites\/3\/2026\/04\/Copia-de-ANGELA_GRIEF_PIC_01.jpg","type":"image\/jpeg"}],"twitter_card":"summary_large_image","twitter_misc":{"Tiempo de lectura":"1 minuto"},"schema":{"@context":"https:\/\/schema.org","@graph":[{"@type":"WebPage","@id":"https:\/\/dantz.eu\/festival\/artista\/angela-grief\/","url":"https:\/\/dantz.eu\/festival\/artista\/angela-grief\/","name":"Angela Grief - Dantz Festival","isPartOf":{"@id":"https:\/\/dantz.eu\/festival\/#website"},"primaryImageOfPage":{"@id":"https:\/\/dantz.eu\/festival\/artista\/angela-grief\/#primaryimage"},"image":{"@id":"https:\/\/dantz.eu\/festival\/artista\/angela-grief\/#primaryimage"},"thumbnailUrl":"https:\/\/dantz.eu\/festival\/wp-content\/uploads\/sites\/3\/2026\/04\/Copia-de-ANGELA_GRIEF_PIC_01.jpg","datePublished":"2026-04-14T08:35:38+00:00","dateModified":"2026-04-27T08:37:14+00:00","breadcrumb":{"@id":"https:\/\/dantz.eu\/festival\/artista\/angela-grief\/#breadcrumb"},"inLanguage":"es","potentialAction":[{"@type":"ReadAction","target":["https:\/\/dantz.eu\/festival\/artista\/angela-grief\/"]}]},{"@type":"ImageObject","inLanguage":"es","@id":"https:\/\/dantz.eu\/festival\/artista\/angela-grief\/#primaryimage","url":"https:\/\/dantz.eu\/festival\/wp-content\/uploads\/sites\/3\/2026\/04\/Copia-de-ANGELA_GRIEF_PIC_01.jpg","contentUrl":"https:\/\/dantz.eu\/festival\/wp-content\/uploads\/sites\/3\/2026\/04\/Copia-de-ANGELA_GRIEF_PIC_01.jpg","width":1133,"height":1133,"caption":"ANGELA_GRIEF_PIC_01"},{"@type":"BreadcrumbList","@id":"https:\/\/dantz.eu\/festival\/artista\/angela-grief\/#breadcrumb","itemListElement":[{"@type":"ListItem","position":1,"name":"Portada","item":"https:\/\/dantz.eu\/festival\/"},{"@type":"ListItem","position":2,"name":"Angela Grief"}]},{"@type":"WebSite","@id":"https:\/\/dantz.eu\/festival\/#website","url":"https:\/\/dantz.eu\/festival\/","name":"Dantz Festival","description":"Contemporary &amp; Electronic Music","potentialAction":[{"@type":"SearchAction","target":{"@type":"EntryPoint","urlTemplate":"https:\/\/dantz.eu\/festival\/?s={search_term_string}"},"query-input":{"@type":"PropertyValueSpecification","valueRequired":true,"valueName":"search_term_string"}}],"inLanguage":"es"}]}},"_links":{"self":[{"href":"https:\/\/dantz.eu\/festival\/wp-json\/wp\/v2\/artista\/13441","targetHints":{"allow":["GET"]}}],"collection":[{"href":"https:\/\/dantz.eu\/festival\/wp-json\/wp\/v2\/artista"}],"about":[{"href":"https:\/\/dantz.eu\/festival\/wp-json\/wp\/v2\/types\/artista"}],"wp:featuredmedia":[{"embeddable":true,"href":"https:\/\/dantz.eu\/festival\/wp-json\/wp\/v2\/media\/13560"}],"wp:attachment":[{"href":"https:\/\/dantz.eu\/festival\/wp-json\/wp\/v2\/media?parent=13441"}],"curies":[{"name":"wp","href":"https:\/\/api.w.org\/{rel}","templated":true}]}}

<p>Artista cuyo recorrido nace en el hip hop, comenzando como MC antes de dar el salto a los platos, donde la mezcla de vinilo se convierte en su principal forma de expresión. El vinilo deja de ser un formato para convertirse en herramienta y lenguaje propio, desarrollando un enfoque personal y orgánico. En El Cubo (León), espacio de autogestión cultural, encuentra el contexto para consolidar una forma colectiva de construir escena. Actualmente forma parte del sello y colectivo Distrito 91, donde combina su labor como DJ y promotora, defendiendo el electro como sonido de nicho. Sus sets, marcados por una relación directa y expresiva con el vinilo, se abren también al techno y los breaks, dando lugar a sesiones únicas en constante evolución.</p>

<!-- This site is optimized with the Yoast SEO plugin v23.5 - https://yoast.com/wordpress/plugins/seo/ -->
<title>Angela Grief - Dantz Festival</title>
<meta name="robots" content="index, follow, max-snippet:-1, max-image-preview:large, max-video-preview:-1" />
<link rel="canonical" href="https://dantz.eu/festival/artista/angela-grief/" />
<meta property="og:locale" content="es_ES" />
<meta property="og:type" content="article" />
<meta property="og:title" content="Angela Grief - Dantz Festival" />
<meta property="og:description" content="Artista cuyo recorrido nace en el hip hop, comenzando como MC antes de dar el salto a los platos, donde la mezcla de vinilo se convierte en su principal forma de expresión. El vinilo deja de ser un formato para convertirse en herramienta y lenguaje propio, desarrollando un enfoque personal y orgánico. En El Cubo [&hellip;]" />
<meta property="og:url" content="https://dantz.eu/festival/artista/angela-grief/" />
<meta property="og:site_name" content="Dantz Festival" />
<meta property="article:modified_time" content="2026-04-27T08:37:14+00:00" />
<meta property="og:image" content="https://dantz.eu/festival/wp-content/uploads/sites/3/2026/04/Copia-de-ANGELA_GRIEF_PIC_01.jpg" />
	<meta property="og:image:width" content="1133" />
	<meta property="og:image:height" content="1133" />
	<meta property="og:image:type" content="image/jpeg" />
<meta name="twitter:card" content="summary_large_image" />
<meta name="twitter:label1" content="Tiempo de lectura" />
	<meta name="twitter:data1" content="1 minuto" />
<script type="application/ld+json" class="yoast-schema-graph">{"@context":"https://schema.org","@graph":[{"@type":"WebPage","@id":"https://dantz.eu/festival/artista/angela-grief/","url":"https://dantz.eu/festival/artista/angela-grief/","name":"Angela Grief - Dantz Festival","isPartOf":{"@id":"https://dantz.eu/festival/#website"},"primaryImageOfPage":{"@id":"https://dantz.eu/festival/artista/angela-grief/#primaryimage"},"image":{"@id":"https://dantz.eu/festival/artista/angela-grief/#primaryimage"},"thumbnailUrl":"https://dantz.eu/festival/wp-content/uploads/sites/3/2026/04/Copia-de-ANGELA_GRIEF_PIC_01.jpg","datePublished":"2026-04-14T08:35:38+00:00","dateModified":"2026-04-27T08:37:14+00:00","breadcrumb":{"@id":"https://dantz.eu/festival/artista/angela-grief/#breadcrumb"},"inLanguage":"es","potentialAction":[{"@type":"ReadAction","target":["https://dantz.eu/festival/artista/angela-grief/"]}]},{"@type":"ImageObject","inLanguage":"es","@id":"https://dantz.eu/festival/artista/angela-grief/#primaryimage","url":"https://dantz.eu/festival/wp-content/uploads/sites/3/2026/04/Copia-de-ANGELA_GRIEF_PIC_01.jpg","contentUrl":"https://dantz.eu/festival/wp-content/uploads/sites/3/2026/04/Copia-de-ANGELA_GRIEF_PIC_01.jpg","width":1133,"height":1133,"caption":"ANGELA_GRIEF_PIC_01"},{"@type":"BreadcrumbList","@id":"https://dantz.eu/festival/artista/angela-grief/#breadcrumb","itemListElement":[{"@type":"ListItem","position":1,"name":"Portada","item":"https://dantz.eu/festival/"},{"@type":"ListItem","position":2,"name":"Angela Grief"}]},{"@type":"WebSite","@id":"https://dantz.eu/festival/#website","url":"https://dantz.eu/festival/","name":"Dantz Festival","description":"Contemporary &amp; Electronic Music","potentialAction":[{"@type":"SearchAction","target":{"@type":"EntryPoint","urlTemplate":"https://dantz.eu/festival/?s={search_term_string}"},"query-input":{"@type":"PropertyValueSpecification","valueRequired":true,"valueName":"search_term_string"}}],"inLanguage":"es"}]}</script>
<!-- / Yoast SEO plugin. -->

Artista cuyo recorrido nace en el hip hop, comenzando como MC antes de dar el salto a los platos, donde la mezcla de vinilo se convierte en su principal forma de expresión. El vinilo deja de ser un formato para convertirse en herramienta y lenguaje propio, desarrollando un enfoque personal y orgánico. En El Cubo [&hellip;]
