{"id":13438,"date":"2026-04-14T10:34:57","date_gmt":"2026-04-14T08:34:57","guid":{"rendered":"https:\/\/dantz.eu\/festival\/?post_type=artista&#038;p=13438"},"modified":"2026-04-24T10:48:25","modified_gmt":"2026-04-24T08:48:25","slug":"anah","status":"publish","type":"artista","link":"https:\/\/dantz.eu\/festival\/artista\/anah\/","title":{"rendered":"Anah"},"content":{"rendered":"\n<p>Anah es una DJ y productora portuguesa afincada en Barcelona, activa en la escena desde principios de los 2000. Tras iniciarse en el drum &amp; bass, en 2016 da un giro a su proyecto para centrarse en el house, techno y electro underground de los 90, desarrollando una cuidada labor de digging y selecci\u00f3n. Formada en ingenier\u00eda de sonido y producci\u00f3n musical, actualmente contin\u00faa su desarrollo art\u00edstico estudiando jazz en el Conservatori del Liceu. Adem\u00e1s de su faceta como DJ, es cofundadora del sello Cymatix junto a Lumiere y forma parte de iniciativas como Loud-Contact y Bloop Recordings, consolidando un perfil conectado tanto a la pista de baile como a la investigaci\u00f3n sonora.<\/p>\n","protected":false},"featured_media":13535,"menu_order":0,"template":"","class_list":["post-13438","artista","type-artista","status-publish","has-post-thumbnail","hentry"],"acf":[],"yoast_head":"<!-- This site is optimized with the Yoast SEO plugin v23.5 - https:\/\/yoast.com\/wordpress\/plugins\/seo\/ -->\n<title>Anah - Dantz Festival<\/title>\n<meta name=\"robots\" content=\"index, follow, max-snippet:-1, max-image-preview:large, max-video-preview:-1\" \/>\n<link rel=\"canonical\" href=\"https:\/\/dantz.eu\/festival\/artista\/anah\/\" \/>\n<meta property=\"og:locale\" content=\"es_ES\" \/>\n<meta property=\"og:type\" content=\"article\" \/>\n<meta property=\"og:title\" content=\"Anah - Dantz Festival\" \/>\n<meta property=\"og:description\" content=\"Anah es una DJ y productora portuguesa afincada en Barcelona, activa en la escena desde principios de los 2000. Tras iniciarse en el drum &amp; bass, en 2016 da un giro a su proyecto para centrarse en el house, techno y electro underground de los 90, desarrollando una cuidada labor de digging y selecci\u00f3n. Formada [&hellip;]\" \/>\n<meta property=\"og:url\" content=\"https:\/\/dantz.eu\/festival\/artista\/anah\/\" \/>\n<meta property=\"og:site_name\" content=\"Dantz Festival\" \/>\n<meta property=\"article:modified_time\" content=\"2026-04-24T08:48:25+00:00\" \/>\n<meta property=\"og:image\" content=\"https:\/\/dantz.eu\/festival\/wp-content\/uploads\/sites\/3\/2026\/04\/DdAe8wK0.jpeg\" \/>\n\t<meta property=\"og:image:width\" content=\"1280\" \/>\n\t<meta property=\"og:image:height\" content=\"853\" \/>\n\t<meta property=\"og:image:type\" content=\"image\/jpeg\" \/>\n<meta name=\"twitter:card\" content=\"summary_large_image\" \/>\n<meta name=\"twitter:label1\" content=\"Tiempo de lectura\" \/>\n\t<meta name=\"twitter:data1\" content=\"1 minuto\" \/>\n<script type=\"application\/ld+json\" class=\"yoast-schema-graph\">{\"@context\":\"https:\/\/schema.org\",\"@graph\":[{\"@type\":\"WebPage\",\"@id\":\"https:\/\/dantz.eu\/festival\/artista\/anah\/\",\"url\":\"https:\/\/dantz.eu\/festival\/artista\/anah\/\",\"name\":\"Anah - Dantz Festival\",\"isPartOf\":{\"@id\":\"https:\/\/dantz.eu\/festival\/#website\"},\"primaryImageOfPage\":{\"@id\":\"https:\/\/dantz.eu\/festival\/artista\/anah\/#primaryimage\"},\"image\":{\"@id\":\"https:\/\/dantz.eu\/festival\/artista\/anah\/#primaryimage\"},\"thumbnailUrl\":\"https:\/\/dantz.eu\/festival\/wp-content\/uploads\/sites\/3\/2026\/04\/DdAe8wK0.jpeg\",\"datePublished\":\"2026-04-14T08:34:57+00:00\",\"dateModified\":\"2026-04-24T08:48:25+00:00\",\"breadcrumb\":{\"@id\":\"https:\/\/dantz.eu\/festival\/artista\/anah\/#breadcrumb\"},\"inLanguage\":\"es\",\"potentialAction\":[{\"@type\":\"ReadAction\",\"target\":[\"https:\/\/dantz.eu\/festival\/artista\/anah\/\"]}]},{\"@type\":\"ImageObject\",\"inLanguage\":\"es\",\"@id\":\"https:\/\/dantz.eu\/festival\/artista\/anah\/#primaryimage\",\"url\":\"https:\/\/dantz.eu\/festival\/wp-content\/uploads\/sites\/3\/2026\/04\/DdAe8wK0.jpeg\",\"contentUrl\":\"https:\/\/dantz.eu\/festival\/wp-content\/uploads\/sites\/3\/2026\/04\/DdAe8wK0.jpeg\",\"width\":1280,\"height\":853,\"caption\":\"Anah\"},{\"@type\":\"BreadcrumbList\",\"@id\":\"https:\/\/dantz.eu\/festival\/artista\/anah\/#breadcrumb\",\"itemListElement\":[{\"@type\":\"ListItem\",\"position\":1,\"name\":\"Portada\",\"item\":\"https:\/\/dantz.eu\/festival\/\"},{\"@type\":\"ListItem\",\"position\":2,\"name\":\"Anah\"}]},{\"@type\":\"WebSite\",\"@id\":\"https:\/\/dantz.eu\/festival\/#website\",\"url\":\"https:\/\/dantz.eu\/festival\/\",\"name\":\"Dantz Festival\",\"description\":\"Contemporary &amp; Electronic Music\",\"potentialAction\":[{\"@type\":\"SearchAction\",\"target\":{\"@type\":\"EntryPoint\",\"urlTemplate\":\"https:\/\/dantz.eu\/festival\/?s={search_term_string}\"},\"query-input\":{\"@type\":\"PropertyValueSpecification\",\"valueRequired\":true,\"valueName\":\"search_term_string\"}}],\"inLanguage\":\"es\"}]}<\/script>\n<!-- \/ Yoast SEO plugin. -->","yoast_head_json":{"title":"Anah - Dantz Festival","robots":{"index":"index","follow":"follow","max-snippet":"max-snippet:-1","max-image-preview":"max-image-preview:large","max-video-preview":"max-video-preview:-1"},"canonical":"https:\/\/dantz.eu\/festival\/artista\/anah\/","og_locale":"es_ES","og_type":"article","og_title":"Anah - Dantz Festival","og_description":"Anah es una DJ y productora portuguesa afincada en Barcelona, activa en la escena desde principios de los 2000. Tras iniciarse en el drum &amp; bass, en 2016 da un giro a su proyecto para centrarse en el house, techno y electro underground de los 90, desarrollando una cuidada labor de digging y selecci\u00f3n. Formada [&hellip;]","og_url":"https:\/\/dantz.eu\/festival\/artista\/anah\/","og_site_name":"Dantz Festival","article_modified_time":"2026-04-24T08:48:25+00:00","og_image":[{"width":1280,"height":853,"url":"https:\/\/dantz.eu\/festival\/wp-content\/uploads\/sites\/3\/2026\/04\/DdAe8wK0.jpeg","type":"image\/jpeg"}],"twitter_card":"summary_large_image","twitter_misc":{"Tiempo de lectura":"1 minuto"},"schema":{"@context":"https:\/\/schema.org","@graph":[{"@type":"WebPage","@id":"https:\/\/dantz.eu\/festival\/artista\/anah\/","url":"https:\/\/dantz.eu\/festival\/artista\/anah\/","name":"Anah - Dantz Festival","isPartOf":{"@id":"https:\/\/dantz.eu\/festival\/#website"},"primaryImageOfPage":{"@id":"https:\/\/dantz.eu\/festival\/artista\/anah\/#primaryimage"},"image":{"@id":"https:\/\/dantz.eu\/festival\/artista\/anah\/#primaryimage"},"thumbnailUrl":"https:\/\/dantz.eu\/festival\/wp-content\/uploads\/sites\/3\/2026\/04\/DdAe8wK0.jpeg","datePublished":"2026-04-14T08:34:57+00:00","dateModified":"2026-04-24T08:48:25+00:00","breadcrumb":{"@id":"https:\/\/dantz.eu\/festival\/artista\/anah\/#breadcrumb"},"inLanguage":"es","potentialAction":[{"@type":"ReadAction","target":["https:\/\/dantz.eu\/festival\/artista\/anah\/"]}]},{"@type":"ImageObject","inLanguage":"es","@id":"https:\/\/dantz.eu\/festival\/artista\/anah\/#primaryimage","url":"https:\/\/dantz.eu\/festival\/wp-content\/uploads\/sites\/3\/2026\/04\/DdAe8wK0.jpeg","contentUrl":"https:\/\/dantz.eu\/festival\/wp-content\/uploads\/sites\/3\/2026\/04\/DdAe8wK0.jpeg","width":1280,"height":853,"caption":"Anah"},{"@type":"BreadcrumbList","@id":"https:\/\/dantz.eu\/festival\/artista\/anah\/#breadcrumb","itemListElement":[{"@type":"ListItem","position":1,"name":"Portada","item":"https:\/\/dantz.eu\/festival\/"},{"@type":"ListItem","position":2,"name":"Anah"}]},{"@type":"WebSite","@id":"https:\/\/dantz.eu\/festival\/#website","url":"https:\/\/dantz.eu\/festival\/","name":"Dantz Festival","description":"Contemporary &amp; Electronic Music","potentialAction":[{"@type":"SearchAction","target":{"@type":"EntryPoint","urlTemplate":"https:\/\/dantz.eu\/festival\/?s={search_term_string}"},"query-input":{"@type":"PropertyValueSpecification","valueRequired":true,"valueName":"search_term_string"}}],"inLanguage":"es"}]}},"_links":{"self":[{"href":"https:\/\/dantz.eu\/festival\/wp-json\/wp\/v2\/artista\/13438","targetHints":{"allow":["GET"]}}],"collection":[{"href":"https:\/\/dantz.eu\/festival\/wp-json\/wp\/v2\/artista"}],"about":[{"href":"https:\/\/dantz.eu\/festival\/wp-json\/wp\/v2\/types\/artista"}],"wp:featuredmedia":[{"embeddable":true,"href":"https:\/\/dantz.eu\/festival\/wp-json\/wp\/v2\/media\/13535"}],"wp:attachment":[{"href":"https:\/\/dantz.eu\/festival\/wp-json\/wp\/v2\/media?parent=13438"}],"curies":[{"name":"wp","href":"https:\/\/api.w.org\/{rel}","templated":true}]}}

<p>Anah es una DJ y productora portuguesa afincada en Barcelona, activa en la escena desde principios de los 2000. Tras iniciarse en el drum &amp; bass, en 2016 da un giro a su proyecto para centrarse en el house, techno y electro underground de los 90, desarrollando una cuidada labor de digging y selección. Formada en ingeniería de sonido y producción musical, actualmente continúa su desarrollo artístico estudiando jazz en el Conservatori del Liceu. Además de su faceta como DJ, es cofundadora del sello Cymatix junto a Lumiere y forma parte de iniciativas como Loud-Contact y Bloop Recordings, consolidando un perfil conectado tanto a la pista de baile como a la investigación sonora.</p>

<!-- This site is optimized with the Yoast SEO plugin v23.5 - https://yoast.com/wordpress/plugins/seo/ -->
<title>Anah - Dantz Festival</title>
<meta name="robots" content="index, follow, max-snippet:-1, max-image-preview:large, max-video-preview:-1" />
<link rel="canonical" href="https://dantz.eu/festival/artista/anah/" />
<meta property="og:locale" content="es_ES" />
<meta property="og:type" content="article" />
<meta property="og:title" content="Anah - Dantz Festival" />
<meta property="og:description" content="Anah es una DJ y productora portuguesa afincada en Barcelona, activa en la escena desde principios de los 2000. Tras iniciarse en el drum &amp; bass, en 2016 da un giro a su proyecto para centrarse en el house, techno y electro underground de los 90, desarrollando una cuidada labor de digging y selección. Formada [&hellip;]" />
<meta property="og:url" content="https://dantz.eu/festival/artista/anah/" />
<meta property="og:site_name" content="Dantz Festival" />
<meta property="article:modified_time" content="2026-04-24T08:48:25+00:00" />
<meta property="og:image" content="https://dantz.eu/festival/wp-content/uploads/sites/3/2026/04/DdAe8wK0.jpeg" />
	<meta property="og:image:width" content="1280" />
	<meta property="og:image:height" content="853" />
	<meta property="og:image:type" content="image/jpeg" />
<meta name="twitter:card" content="summary_large_image" />
<meta name="twitter:label1" content="Tiempo de lectura" />
	<meta name="twitter:data1" content="1 minuto" />
<script type="application/ld+json" class="yoast-schema-graph">{"@context":"https://schema.org","@graph":[{"@type":"WebPage","@id":"https://dantz.eu/festival/artista/anah/","url":"https://dantz.eu/festival/artista/anah/","name":"Anah - Dantz Festival","isPartOf":{"@id":"https://dantz.eu/festival/#website"},"primaryImageOfPage":{"@id":"https://dantz.eu/festival/artista/anah/#primaryimage"},"image":{"@id":"https://dantz.eu/festival/artista/anah/#primaryimage"},"thumbnailUrl":"https://dantz.eu/festival/wp-content/uploads/sites/3/2026/04/DdAe8wK0.jpeg","datePublished":"2026-04-14T08:34:57+00:00","dateModified":"2026-04-24T08:48:25+00:00","breadcrumb":{"@id":"https://dantz.eu/festival/artista/anah/#breadcrumb"},"inLanguage":"es","potentialAction":[{"@type":"ReadAction","target":["https://dantz.eu/festival/artista/anah/"]}]},{"@type":"ImageObject","inLanguage":"es","@id":"https://dantz.eu/festival/artista/anah/#primaryimage","url":"https://dantz.eu/festival/wp-content/uploads/sites/3/2026/04/DdAe8wK0.jpeg","contentUrl":"https://dantz.eu/festival/wp-content/uploads/sites/3/2026/04/DdAe8wK0.jpeg","width":1280,"height":853,"caption":"Anah"},{"@type":"BreadcrumbList","@id":"https://dantz.eu/festival/artista/anah/#breadcrumb","itemListElement":[{"@type":"ListItem","position":1,"name":"Portada","item":"https://dantz.eu/festival/"},{"@type":"ListItem","position":2,"name":"Anah"}]},{"@type":"WebSite","@id":"https://dantz.eu/festival/#website","url":"https://dantz.eu/festival/","name":"Dantz Festival","description":"Contemporary &amp; Electronic Music","potentialAction":[{"@type":"SearchAction","target":{"@type":"EntryPoint","urlTemplate":"https://dantz.eu/festival/?s={search_term_string}"},"query-input":{"@type":"PropertyValueSpecification","valueRequired":true,"valueName":"search_term_string"}}],"inLanguage":"es"}]}</script>
<!-- / Yoast SEO plugin. -->

Anah es una DJ y productora portuguesa afincada en Barcelona, activa en la escena desde principios de los 2000. Tras iniciarse en el drum &amp; bass, en 2016 da un giro a su proyecto para centrarse en el house, techno y electro underground de los 90, desarrollando una cuidada labor de digging y selección. Formada [&hellip;]
