{"id":13443,"date":"2026-04-14T10:36:29","date_gmt":"2026-04-14T08:36:29","guid":{"rendered":"https:\/\/dantz.eu\/festival\/?post_type=artista&#038;p=13443"},"modified":"2026-04-27T10:30:38","modified_gmt":"2026-04-27T08:30:38","slug":"acelga","status":"publish","type":"artista","link":"https:\/\/dantz.eu\/festival\/fr\/artista\/acelga\/","title":{"rendered":"Acelga"},"content":{"rendered":"\n<p>Imanol Beristain, conocido como Acelga, es un artista vasco cuya vida gira en torno a la m\u00fasica, los discos y los sintetizadores. Como fundador del colectivo elgoibartarra Alternative Division, ha desarrollado un espacio propio de exploraci\u00f3n sonora. Su enfoque como selector se caracteriza por la versatilidad, movi\u00e9ndose entre distintos g\u00e9neros sin limitarse a etiquetas. En esta ocasi\u00f3n, presentar\u00e1 su proyecto en formato live dentro del electro stage de Dantz Festival.<\/p>\n","protected":false},"featured_media":13542,"menu_order":0,"template":"","class_list":["post-13443","artista","type-artista","status-publish","has-post-thumbnail","hentry"],"acf":[],"yoast_head":"<!-- This site is optimized with the Yoast SEO plugin v23.5 - https:\/\/yoast.com\/wordpress\/plugins\/seo\/ -->\n<title>Acelga - Dantz Festival<\/title>\n<meta name=\"robots\" content=\"index, follow, max-snippet:-1, max-image-preview:large, max-video-preview:-1\" \/>\n<link rel=\"canonical\" href=\"https:\/\/dantz.eu\/festival\/fr\/artista\/acelga\/\" \/>\n<meta property=\"og:locale\" content=\"fr_FR\" \/>\n<meta property=\"og:type\" content=\"article\" \/>\n<meta property=\"og:title\" content=\"Acelga - Dantz Festival\" \/>\n<meta property=\"og:description\" content=\"Imanol Beristain, conocido como Acelga, es un artista vasco cuya vida gira en torno a la m\u00fasica, los discos y los sintetizadores. Como fundador del colectivo elgoibartarra Alternative Division, ha desarrollado un espacio propio de exploraci\u00f3n sonora. Su enfoque como selector se caracteriza por la versatilidad, movi\u00e9ndose entre distintos g\u00e9neros sin limitarse a etiquetas. En [&hellip;]\" \/>\n<meta property=\"og:url\" content=\"https:\/\/dantz.eu\/festival\/fr\/artista\/acelga\/\" \/>\n<meta property=\"og:site_name\" content=\"Dantz Festival\" \/>\n<meta property=\"article:modified_time\" content=\"2026-04-27T08:30:38+00:00\" \/>\n<meta property=\"og:image\" content=\"https:\/\/dantz.eu\/festival\/wp-content\/uploads\/sites\/3\/2026\/04\/Acelga-presskit.jpeg\" \/>\n\t<meta property=\"og:image:width\" content=\"898\" \/>\n\t<meta property=\"og:image:height\" content=\"900\" \/>\n\t<meta property=\"og:image:type\" content=\"image\/jpeg\" \/>\n<meta name=\"twitter:card\" content=\"summary_large_image\" \/>\n<meta name=\"twitter:label1\" content=\"Dur\u00e9e de lecture estim\u00e9e\" \/>\n\t<meta name=\"twitter:data1\" content=\"1 minute\" \/>\n<script type=\"application\/ld+json\" class=\"yoast-schema-graph\">{\"@context\":\"https:\/\/schema.org\",\"@graph\":[{\"@type\":\"WebPage\",\"@id\":\"https:\/\/dantz.eu\/festival\/fr\/artista\/acelga\/\",\"url\":\"https:\/\/dantz.eu\/festival\/fr\/artista\/acelga\/\",\"name\":\"Acelga - Dantz Festival\",\"isPartOf\":{\"@id\":\"https:\/\/dantz.eu\/festival\/fr\/#website\"},\"primaryImageOfPage\":{\"@id\":\"https:\/\/dantz.eu\/festival\/fr\/artista\/acelga\/#primaryimage\"},\"image\":{\"@id\":\"https:\/\/dantz.eu\/festival\/fr\/artista\/acelga\/#primaryimage\"},\"thumbnailUrl\":\"https:\/\/dantz.eu\/festival\/wp-content\/uploads\/sites\/3\/2026\/04\/Acelga-presskit.jpeg\",\"datePublished\":\"2026-04-14T08:36:29+00:00\",\"dateModified\":\"2026-04-27T08:30:38+00:00\",\"breadcrumb\":{\"@id\":\"https:\/\/dantz.eu\/festival\/fr\/artista\/acelga\/#breadcrumb\"},\"inLanguage\":\"fr-FR\",\"potentialAction\":[{\"@type\":\"ReadAction\",\"target\":[\"https:\/\/dantz.eu\/festival\/fr\/artista\/acelga\/\"]}]},{\"@type\":\"ImageObject\",\"inLanguage\":\"fr-FR\",\"@id\":\"https:\/\/dantz.eu\/festival\/fr\/artista\/acelga\/#primaryimage\",\"url\":\"https:\/\/dantz.eu\/festival\/wp-content\/uploads\/sites\/3\/2026\/04\/Acelga-presskit.jpeg\",\"contentUrl\":\"https:\/\/dantz.eu\/festival\/wp-content\/uploads\/sites\/3\/2026\/04\/Acelga-presskit.jpeg\",\"width\":898,\"height\":900,\"caption\":\"Acelga\"},{\"@type\":\"BreadcrumbList\",\"@id\":\"https:\/\/dantz.eu\/festival\/fr\/artista\/acelga\/#breadcrumb\",\"itemListElement\":[{\"@type\":\"ListItem\",\"position\":1,\"name\":\"Portada\",\"item\":\"https:\/\/dantz.eu\/festival\/fr\/\"},{\"@type\":\"ListItem\",\"position\":2,\"name\":\"Acelga\"}]},{\"@type\":\"WebSite\",\"@id\":\"https:\/\/dantz.eu\/festival\/fr\/#website\",\"url\":\"https:\/\/dantz.eu\/festival\/fr\/\",\"name\":\"Dantz Festival\",\"description\":\"Contemporary &amp; Electronic Music\",\"potentialAction\":[{\"@type\":\"SearchAction\",\"target\":{\"@type\":\"EntryPoint\",\"urlTemplate\":\"https:\/\/dantz.eu\/festival\/fr\/?s={search_term_string}\"},\"query-input\":{\"@type\":\"PropertyValueSpecification\",\"valueRequired\":true,\"valueName\":\"search_term_string\"}}],\"inLanguage\":\"fr-FR\"}]}<\/script>\n<!-- \/ Yoast SEO plugin. -->","yoast_head_json":{"title":"Acelga - Dantz Festival","robots":{"index":"index","follow":"follow","max-snippet":"max-snippet:-1","max-image-preview":"max-image-preview:large","max-video-preview":"max-video-preview:-1"},"canonical":"https:\/\/dantz.eu\/festival\/fr\/artista\/acelga\/","og_locale":"fr_FR","og_type":"article","og_title":"Acelga - Dantz Festival","og_description":"Imanol Beristain, conocido como Acelga, es un artista vasco cuya vida gira en torno a la m\u00fasica, los discos y los sintetizadores. Como fundador del colectivo elgoibartarra Alternative Division, ha desarrollado un espacio propio de exploraci\u00f3n sonora. Su enfoque como selector se caracteriza por la versatilidad, movi\u00e9ndose entre distintos g\u00e9neros sin limitarse a etiquetas. En [&hellip;]","og_url":"https:\/\/dantz.eu\/festival\/fr\/artista\/acelga\/","og_site_name":"Dantz Festival","article_modified_time":"2026-04-27T08:30:38+00:00","og_image":[{"width":898,"height":900,"url":"https:\/\/dantz.eu\/festival\/wp-content\/uploads\/sites\/3\/2026\/04\/Acelga-presskit.jpeg","type":"image\/jpeg"}],"twitter_card":"summary_large_image","twitter_misc":{"Dur\u00e9e de lecture estim\u00e9e":"1 minute"},"schema":{"@context":"https:\/\/schema.org","@graph":[{"@type":"WebPage","@id":"https:\/\/dantz.eu\/festival\/fr\/artista\/acelga\/","url":"https:\/\/dantz.eu\/festival\/fr\/artista\/acelga\/","name":"Acelga - Dantz Festival","isPartOf":{"@id":"https:\/\/dantz.eu\/festival\/fr\/#website"},"primaryImageOfPage":{"@id":"https:\/\/dantz.eu\/festival\/fr\/artista\/acelga\/#primaryimage"},"image":{"@id":"https:\/\/dantz.eu\/festival\/fr\/artista\/acelga\/#primaryimage"},"thumbnailUrl":"https:\/\/dantz.eu\/festival\/wp-content\/uploads\/sites\/3\/2026\/04\/Acelga-presskit.jpeg","datePublished":"2026-04-14T08:36:29+00:00","dateModified":"2026-04-27T08:30:38+00:00","breadcrumb":{"@id":"https:\/\/dantz.eu\/festival\/fr\/artista\/acelga\/#breadcrumb"},"inLanguage":"fr-FR","potentialAction":[{"@type":"ReadAction","target":["https:\/\/dantz.eu\/festival\/fr\/artista\/acelga\/"]}]},{"@type":"ImageObject","inLanguage":"fr-FR","@id":"https:\/\/dantz.eu\/festival\/fr\/artista\/acelga\/#primaryimage","url":"https:\/\/dantz.eu\/festival\/wp-content\/uploads\/sites\/3\/2026\/04\/Acelga-presskit.jpeg","contentUrl":"https:\/\/dantz.eu\/festival\/wp-content\/uploads\/sites\/3\/2026\/04\/Acelga-presskit.jpeg","width":898,"height":900,"caption":"Acelga"},{"@type":"BreadcrumbList","@id":"https:\/\/dantz.eu\/festival\/fr\/artista\/acelga\/#breadcrumb","itemListElement":[{"@type":"ListItem","position":1,"name":"Portada","item":"https:\/\/dantz.eu\/festival\/fr\/"},{"@type":"ListItem","position":2,"name":"Acelga"}]},{"@type":"WebSite","@id":"https:\/\/dantz.eu\/festival\/fr\/#website","url":"https:\/\/dantz.eu\/festival\/fr\/","name":"Dantz Festival","description":"Contemporary &amp; Electronic Music","potentialAction":[{"@type":"SearchAction","target":{"@type":"EntryPoint","urlTemplate":"https:\/\/dantz.eu\/festival\/fr\/?s={search_term_string}"},"query-input":{"@type":"PropertyValueSpecification","valueRequired":true,"valueName":"search_term_string"}}],"inLanguage":"fr-FR"}]}},"_links":{"self":[{"href":"https:\/\/dantz.eu\/festival\/fr\/wp-json\/wp\/v2\/artista\/13443","targetHints":{"allow":["GET"]}}],"collection":[{"href":"https:\/\/dantz.eu\/festival\/fr\/wp-json\/wp\/v2\/artista"}],"about":[{"href":"https:\/\/dantz.eu\/festival\/fr\/wp-json\/wp\/v2\/types\/artista"}],"wp:featuredmedia":[{"embeddable":true,"href":"https:\/\/dantz.eu\/festival\/fr\/wp-json\/wp\/v2\/media\/13542"}],"wp:attachment":[{"href":"https:\/\/dantz.eu\/festival\/fr\/wp-json\/wp\/v2\/media?parent=13443"}],"curies":[{"name":"wp","href":"https:\/\/api.w.org\/{rel}","templated":true}]}}

<p>Imanol Beristain, conocido como Acelga, es un artista vasco cuya vida gira en torno a la música, los discos y los sintetizadores. Como fundador del colectivo elgoibartarra Alternative Division, ha desarrollado un espacio propio de exploración sonora. Su enfoque como selector se caracteriza por la versatilidad, moviéndose entre distintos géneros sin limitarse a etiquetas. En esta ocasión, presentará su proyecto en formato live dentro del electro stage de Dantz Festival.</p>

<!-- This site is optimized with the Yoast SEO plugin v23.5 - https://yoast.com/wordpress/plugins/seo/ -->
<title>Acelga - Dantz Festival</title>
<meta name="robots" content="index, follow, max-snippet:-1, max-image-preview:large, max-video-preview:-1" />
<link rel="canonical" href="https://dantz.eu/festival/fr/artista/acelga/" />
<meta property="og:locale" content="fr_FR" />
<meta property="og:type" content="article" />
<meta property="og:title" content="Acelga - Dantz Festival" />
<meta property="og:description" content="Imanol Beristain, conocido como Acelga, es un artista vasco cuya vida gira en torno a la música, los discos y los sintetizadores. Como fundador del colectivo elgoibartarra Alternative Division, ha desarrollado un espacio propio de exploración sonora. Su enfoque como selector se caracteriza por la versatilidad, moviéndose entre distintos géneros sin limitarse a etiquetas. En [&hellip;]" />
<meta property="og:url" content="https://dantz.eu/festival/fr/artista/acelga/" />
<meta property="og:site_name" content="Dantz Festival" />
<meta property="article:modified_time" content="2026-04-27T08:30:38+00:00" />
<meta property="og:image" content="https://dantz.eu/festival/wp-content/uploads/sites/3/2026/04/Acelga-presskit.jpeg" />
	<meta property="og:image:width" content="898" />
	<meta property="og:image:height" content="900" />
	<meta property="og:image:type" content="image/jpeg" />
<meta name="twitter:card" content="summary_large_image" />
<meta name="twitter:label1" content="Durée de lecture estimée" />
	<meta name="twitter:data1" content="1 minute" />
<script type="application/ld+json" class="yoast-schema-graph">{"@context":"https://schema.org","@graph":[{"@type":"WebPage","@id":"https://dantz.eu/festival/fr/artista/acelga/","url":"https://dantz.eu/festival/fr/artista/acelga/","name":"Acelga - Dantz Festival","isPartOf":{"@id":"https://dantz.eu/festival/fr/#website"},"primaryImageOfPage":{"@id":"https://dantz.eu/festival/fr/artista/acelga/#primaryimage"},"image":{"@id":"https://dantz.eu/festival/fr/artista/acelga/#primaryimage"},"thumbnailUrl":"https://dantz.eu/festival/wp-content/uploads/sites/3/2026/04/Acelga-presskit.jpeg","datePublished":"2026-04-14T08:36:29+00:00","dateModified":"2026-04-27T08:30:38+00:00","breadcrumb":{"@id":"https://dantz.eu/festival/fr/artista/acelga/#breadcrumb"},"inLanguage":"fr-FR","potentialAction":[{"@type":"ReadAction","target":["https://dantz.eu/festival/fr/artista/acelga/"]}]},{"@type":"ImageObject","inLanguage":"fr-FR","@id":"https://dantz.eu/festival/fr/artista/acelga/#primaryimage","url":"https://dantz.eu/festival/wp-content/uploads/sites/3/2026/04/Acelga-presskit.jpeg","contentUrl":"https://dantz.eu/festival/wp-content/uploads/sites/3/2026/04/Acelga-presskit.jpeg","width":898,"height":900,"caption":"Acelga"},{"@type":"BreadcrumbList","@id":"https://dantz.eu/festival/fr/artista/acelga/#breadcrumb","itemListElement":[{"@type":"ListItem","position":1,"name":"Portada","item":"https://dantz.eu/festival/fr/"},{"@type":"ListItem","position":2,"name":"Acelga"}]},{"@type":"WebSite","@id":"https://dantz.eu/festival/fr/#website","url":"https://dantz.eu/festival/fr/","name":"Dantz Festival","description":"Contemporary &amp; Electronic Music","potentialAction":[{"@type":"SearchAction","target":{"@type":"EntryPoint","urlTemplate":"https://dantz.eu/festival/fr/?s={search_term_string}"},"query-input":{"@type":"PropertyValueSpecification","valueRequired":true,"valueName":"search_term_string"}}],"inLanguage":"fr-FR"}]}</script>
<!-- / Yoast SEO plugin. -->

Imanol Beristain, conocido como Acelga, es un artista vasco cuya vida gira en torno a la música, los discos y los sintetizadores. Como fundador del colectivo elgoibartarra Alternative Division, ha desarrollado un espacio propio de exploración sonora. Su enfoque como selector se caracteriza por la versatilidad, moviéndose entre distintos géneros sin limitarse a etiquetas. En [&hellip;]
