{"id":13433,"date":"2026-04-14T10:33:14","date_gmt":"2026-04-14T08:33:14","guid":{"rendered":"https:\/\/dantz.eu\/festival\/?post_type=artista&#038;p=13433"},"modified":"2026-04-23T12:41:15","modified_gmt":"2026-04-23T10:41:15","slug":"adiel","status":"publish","type":"artista","link":"https:\/\/dantz.eu\/festival\/fr\/artista\/adiel\/","title":{"rendered":"Adiel"},"content":{"rendered":"\n<p>Adiel es una DJ y productora italiana reconocida por sus sets hipn\u00f3ticos y su residencia en las fiestas Goa Ultrabeat de Roma. En 2016 fund\u00f3 su sello Danza Tribale, donde desarrolla una visi\u00f3n personal del techno, profunda y envolvente, movi\u00e9ndose entre lo instintivo y lo sofisticado. Ha publicado tanto en su propio sello como en plataformas como Stroboscopic Artefacts y ha colaborado con artistas como Donato Dozzy y Anthony Linell. Como DJ, ha actuado en clubes y festivales clave como Berghain, Panorama Bar, Dekmantel, Printworks o DC10, consolid\u00e1ndose como una de las figuras m\u00e1s destacadas del techno europeo.<\/p>\n","protected":false},"featured_media":13480,"menu_order":0,"template":"","class_list":["post-13433","artista","type-artista","status-publish","has-post-thumbnail","hentry"],"acf":[],"yoast_head":"<!-- This site is optimized with the Yoast SEO plugin v23.5 - https:\/\/yoast.com\/wordpress\/plugins\/seo\/ -->\n<title>Adiel - Dantz Festival<\/title>\n<meta name=\"robots\" content=\"index, follow, max-snippet:-1, max-image-preview:large, max-video-preview:-1\" \/>\n<link rel=\"canonical\" href=\"https:\/\/dantz.eu\/festival\/fr\/artista\/adiel\/\" \/>\n<meta property=\"og:locale\" content=\"fr_FR\" \/>\n<meta property=\"og:type\" content=\"article\" \/>\n<meta property=\"og:title\" content=\"Adiel - Dantz Festival\" \/>\n<meta property=\"og:description\" content=\"Adiel es una DJ y productora italiana reconocida por sus sets hipn\u00f3ticos y su residencia en las fiestas Goa Ultrabeat de Roma. En 2016 fund\u00f3 su sello Danza Tribale, donde desarrolla una visi\u00f3n personal del techno, profunda y envolvente, movi\u00e9ndose entre lo instintivo y lo sofisticado. Ha publicado tanto en su propio sello como en [&hellip;]\" \/>\n<meta property=\"og:url\" content=\"https:\/\/dantz.eu\/festival\/fr\/artista\/adiel\/\" \/>\n<meta property=\"og:site_name\" content=\"Dantz Festival\" \/>\n<meta property=\"article:modified_time\" content=\"2026-04-23T10:41:15+00:00\" \/>\n<meta property=\"og:image\" content=\"https:\/\/dantz.eu\/festival\/wp-content\/uploads\/sites\/3\/2026\/04\/Copia-de-Foto-03-03-26-6-53-20-PM-1.jpg\" \/>\n\t<meta property=\"og:image:width\" content=\"1080\" \/>\n\t<meta property=\"og:image:height\" content=\"1080\" \/>\n\t<meta property=\"og:image:type\" content=\"image\/jpeg\" \/>\n<meta name=\"twitter:card\" content=\"summary_large_image\" \/>\n<meta name=\"twitter:label1\" content=\"Dur\u00e9e de lecture estim\u00e9e\" \/>\n\t<meta name=\"twitter:data1\" content=\"1 minute\" \/>\n<script type=\"application\/ld+json\" class=\"yoast-schema-graph\">{\"@context\":\"https:\/\/schema.org\",\"@graph\":[{\"@type\":\"WebPage\",\"@id\":\"https:\/\/dantz.eu\/festival\/fr\/artista\/adiel\/\",\"url\":\"https:\/\/dantz.eu\/festival\/fr\/artista\/adiel\/\",\"name\":\"Adiel - Dantz Festival\",\"isPartOf\":{\"@id\":\"https:\/\/dantz.eu\/festival\/fr\/#website\"},\"primaryImageOfPage\":{\"@id\":\"https:\/\/dantz.eu\/festival\/fr\/artista\/adiel\/#primaryimage\"},\"image\":{\"@id\":\"https:\/\/dantz.eu\/festival\/fr\/artista\/adiel\/#primaryimage\"},\"thumbnailUrl\":\"https:\/\/dantz.eu\/festival\/wp-content\/uploads\/sites\/3\/2026\/04\/Copia-de-Foto-03-03-26-6-53-20-PM-1.jpg\",\"datePublished\":\"2026-04-14T08:33:14+00:00\",\"dateModified\":\"2026-04-23T10:41:15+00:00\",\"breadcrumb\":{\"@id\":\"https:\/\/dantz.eu\/festival\/fr\/artista\/adiel\/#breadcrumb\"},\"inLanguage\":\"fr-FR\",\"potentialAction\":[{\"@type\":\"ReadAction\",\"target\":[\"https:\/\/dantz.eu\/festival\/fr\/artista\/adiel\/\"]}]},{\"@type\":\"ImageObject\",\"inLanguage\":\"fr-FR\",\"@id\":\"https:\/\/dantz.eu\/festival\/fr\/artista\/adiel\/#primaryimage\",\"url\":\"https:\/\/dantz.eu\/festival\/wp-content\/uploads\/sites\/3\/2026\/04\/Copia-de-Foto-03-03-26-6-53-20-PM-1.jpg\",\"contentUrl\":\"https:\/\/dantz.eu\/festival\/wp-content\/uploads\/sites\/3\/2026\/04\/Copia-de-Foto-03-03-26-6-53-20-PM-1.jpg\",\"width\":1080,\"height\":1080,\"caption\":\"Adiel\"},{\"@type\":\"BreadcrumbList\",\"@id\":\"https:\/\/dantz.eu\/festival\/fr\/artista\/adiel\/#breadcrumb\",\"itemListElement\":[{\"@type\":\"ListItem\",\"position\":1,\"name\":\"Portada\",\"item\":\"https:\/\/dantz.eu\/festival\/fr\/\"},{\"@type\":\"ListItem\",\"position\":2,\"name\":\"Adiel\"}]},{\"@type\":\"WebSite\",\"@id\":\"https:\/\/dantz.eu\/festival\/fr\/#website\",\"url\":\"https:\/\/dantz.eu\/festival\/fr\/\",\"name\":\"Dantz Festival\",\"description\":\"Contemporary &amp; Electronic Music\",\"potentialAction\":[{\"@type\":\"SearchAction\",\"target\":{\"@type\":\"EntryPoint\",\"urlTemplate\":\"https:\/\/dantz.eu\/festival\/fr\/?s={search_term_string}\"},\"query-input\":{\"@type\":\"PropertyValueSpecification\",\"valueRequired\":true,\"valueName\":\"search_term_string\"}}],\"inLanguage\":\"fr-FR\"}]}<\/script>\n<!-- \/ Yoast SEO plugin. -->","yoast_head_json":{"title":"Adiel - Dantz Festival","robots":{"index":"index","follow":"follow","max-snippet":"max-snippet:-1","max-image-preview":"max-image-preview:large","max-video-preview":"max-video-preview:-1"},"canonical":"https:\/\/dantz.eu\/festival\/fr\/artista\/adiel\/","og_locale":"fr_FR","og_type":"article","og_title":"Adiel - Dantz Festival","og_description":"Adiel es una DJ y productora italiana reconocida por sus sets hipn\u00f3ticos y su residencia en las fiestas Goa Ultrabeat de Roma. En 2016 fund\u00f3 su sello Danza Tribale, donde desarrolla una visi\u00f3n personal del techno, profunda y envolvente, movi\u00e9ndose entre lo instintivo y lo sofisticado. Ha publicado tanto en su propio sello como en [&hellip;]","og_url":"https:\/\/dantz.eu\/festival\/fr\/artista\/adiel\/","og_site_name":"Dantz Festival","article_modified_time":"2026-04-23T10:41:15+00:00","og_image":[{"width":1080,"height":1080,"url":"https:\/\/dantz.eu\/festival\/wp-content\/uploads\/sites\/3\/2026\/04\/Copia-de-Foto-03-03-26-6-53-20-PM-1.jpg","type":"image\/jpeg"}],"twitter_card":"summary_large_image","twitter_misc":{"Dur\u00e9e de lecture estim\u00e9e":"1 minute"},"schema":{"@context":"https:\/\/schema.org","@graph":[{"@type":"WebPage","@id":"https:\/\/dantz.eu\/festival\/fr\/artista\/adiel\/","url":"https:\/\/dantz.eu\/festival\/fr\/artista\/adiel\/","name":"Adiel - Dantz Festival","isPartOf":{"@id":"https:\/\/dantz.eu\/festival\/fr\/#website"},"primaryImageOfPage":{"@id":"https:\/\/dantz.eu\/festival\/fr\/artista\/adiel\/#primaryimage"},"image":{"@id":"https:\/\/dantz.eu\/festival\/fr\/artista\/adiel\/#primaryimage"},"thumbnailUrl":"https:\/\/dantz.eu\/festival\/wp-content\/uploads\/sites\/3\/2026\/04\/Copia-de-Foto-03-03-26-6-53-20-PM-1.jpg","datePublished":"2026-04-14T08:33:14+00:00","dateModified":"2026-04-23T10:41:15+00:00","breadcrumb":{"@id":"https:\/\/dantz.eu\/festival\/fr\/artista\/adiel\/#breadcrumb"},"inLanguage":"fr-FR","potentialAction":[{"@type":"ReadAction","target":["https:\/\/dantz.eu\/festival\/fr\/artista\/adiel\/"]}]},{"@type":"ImageObject","inLanguage":"fr-FR","@id":"https:\/\/dantz.eu\/festival\/fr\/artista\/adiel\/#primaryimage","url":"https:\/\/dantz.eu\/festival\/wp-content\/uploads\/sites\/3\/2026\/04\/Copia-de-Foto-03-03-26-6-53-20-PM-1.jpg","contentUrl":"https:\/\/dantz.eu\/festival\/wp-content\/uploads\/sites\/3\/2026\/04\/Copia-de-Foto-03-03-26-6-53-20-PM-1.jpg","width":1080,"height":1080,"caption":"Adiel"},{"@type":"BreadcrumbList","@id":"https:\/\/dantz.eu\/festival\/fr\/artista\/adiel\/#breadcrumb","itemListElement":[{"@type":"ListItem","position":1,"name":"Portada","item":"https:\/\/dantz.eu\/festival\/fr\/"},{"@type":"ListItem","position":2,"name":"Adiel"}]},{"@type":"WebSite","@id":"https:\/\/dantz.eu\/festival\/fr\/#website","url":"https:\/\/dantz.eu\/festival\/fr\/","name":"Dantz Festival","description":"Contemporary &amp; Electronic Music","potentialAction":[{"@type":"SearchAction","target":{"@type":"EntryPoint","urlTemplate":"https:\/\/dantz.eu\/festival\/fr\/?s={search_term_string}"},"query-input":{"@type":"PropertyValueSpecification","valueRequired":true,"valueName":"search_term_string"}}],"inLanguage":"fr-FR"}]}},"_links":{"self":[{"href":"https:\/\/dantz.eu\/festival\/fr\/wp-json\/wp\/v2\/artista\/13433","targetHints":{"allow":["GET"]}}],"collection":[{"href":"https:\/\/dantz.eu\/festival\/fr\/wp-json\/wp\/v2\/artista"}],"about":[{"href":"https:\/\/dantz.eu\/festival\/fr\/wp-json\/wp\/v2\/types\/artista"}],"wp:featuredmedia":[{"embeddable":true,"href":"https:\/\/dantz.eu\/festival\/fr\/wp-json\/wp\/v2\/media\/13480"}],"wp:attachment":[{"href":"https:\/\/dantz.eu\/festival\/fr\/wp-json\/wp\/v2\/media?parent=13433"}],"curies":[{"name":"wp","href":"https:\/\/api.w.org\/{rel}","templated":true}]}}

<p>Adiel es una DJ y productora italiana reconocida por sus sets hipnóticos y su residencia en las fiestas Goa Ultrabeat de Roma. En 2016 fundó su sello Danza Tribale, donde desarrolla una visión personal del techno, profunda y envolvente, moviéndose entre lo instintivo y lo sofisticado. Ha publicado tanto en su propio sello como en plataformas como Stroboscopic Artefacts y ha colaborado con artistas como Donato Dozzy y Anthony Linell. Como DJ, ha actuado en clubes y festivales clave como Berghain, Panorama Bar, Dekmantel, Printworks o DC10, consolidándose como una de las figuras más destacadas del techno europeo.</p>

<!-- This site is optimized with the Yoast SEO plugin v23.5 - https://yoast.com/wordpress/plugins/seo/ -->
<title>Adiel - Dantz Festival</title>
<meta name="robots" content="index, follow, max-snippet:-1, max-image-preview:large, max-video-preview:-1" />
<link rel="canonical" href="https://dantz.eu/festival/fr/artista/adiel/" />
<meta property="og:locale" content="fr_FR" />
<meta property="og:type" content="article" />
<meta property="og:title" content="Adiel - Dantz Festival" />
<meta property="og:description" content="Adiel es una DJ y productora italiana reconocida por sus sets hipnóticos y su residencia en las fiestas Goa Ultrabeat de Roma. En 2016 fundó su sello Danza Tribale, donde desarrolla una visión personal del techno, profunda y envolvente, moviéndose entre lo instintivo y lo sofisticado. Ha publicado tanto en su propio sello como en [&hellip;]" />
<meta property="og:url" content="https://dantz.eu/festival/fr/artista/adiel/" />
<meta property="og:site_name" content="Dantz Festival" />
<meta property="article:modified_time" content="2026-04-23T10:41:15+00:00" />
<meta property="og:image" content="https://dantz.eu/festival/wp-content/uploads/sites/3/2026/04/Copia-de-Foto-03-03-26-6-53-20-PM-1.jpg" />
	<meta property="og:image:width" content="1080" />
	<meta property="og:image:height" content="1080" />
	<meta property="og:image:type" content="image/jpeg" />
<meta name="twitter:card" content="summary_large_image" />
<meta name="twitter:label1" content="Durée de lecture estimée" />
	<meta name="twitter:data1" content="1 minute" />
<script type="application/ld+json" class="yoast-schema-graph">{"@context":"https://schema.org","@graph":[{"@type":"WebPage","@id":"https://dantz.eu/festival/fr/artista/adiel/","url":"https://dantz.eu/festival/fr/artista/adiel/","name":"Adiel - Dantz Festival","isPartOf":{"@id":"https://dantz.eu/festival/fr/#website"},"primaryImageOfPage":{"@id":"https://dantz.eu/festival/fr/artista/adiel/#primaryimage"},"image":{"@id":"https://dantz.eu/festival/fr/artista/adiel/#primaryimage"},"thumbnailUrl":"https://dantz.eu/festival/wp-content/uploads/sites/3/2026/04/Copia-de-Foto-03-03-26-6-53-20-PM-1.jpg","datePublished":"2026-04-14T08:33:14+00:00","dateModified":"2026-04-23T10:41:15+00:00","breadcrumb":{"@id":"https://dantz.eu/festival/fr/artista/adiel/#breadcrumb"},"inLanguage":"fr-FR","potentialAction":[{"@type":"ReadAction","target":["https://dantz.eu/festival/fr/artista/adiel/"]}]},{"@type":"ImageObject","inLanguage":"fr-FR","@id":"https://dantz.eu/festival/fr/artista/adiel/#primaryimage","url":"https://dantz.eu/festival/wp-content/uploads/sites/3/2026/04/Copia-de-Foto-03-03-26-6-53-20-PM-1.jpg","contentUrl":"https://dantz.eu/festival/wp-content/uploads/sites/3/2026/04/Copia-de-Foto-03-03-26-6-53-20-PM-1.jpg","width":1080,"height":1080,"caption":"Adiel"},{"@type":"BreadcrumbList","@id":"https://dantz.eu/festival/fr/artista/adiel/#breadcrumb","itemListElement":[{"@type":"ListItem","position":1,"name":"Portada","item":"https://dantz.eu/festival/fr/"},{"@type":"ListItem","position":2,"name":"Adiel"}]},{"@type":"WebSite","@id":"https://dantz.eu/festival/fr/#website","url":"https://dantz.eu/festival/fr/","name":"Dantz Festival","description":"Contemporary &amp; Electronic Music","potentialAction":[{"@type":"SearchAction","target":{"@type":"EntryPoint","urlTemplate":"https://dantz.eu/festival/fr/?s={search_term_string}"},"query-input":{"@type":"PropertyValueSpecification","valueRequired":true,"valueName":"search_term_string"}}],"inLanguage":"fr-FR"}]}</script>
<!-- / Yoast SEO plugin. -->

Adiel es una DJ y productora italiana reconocida por sus sets hipnóticos y su residencia en las fiestas Goa Ultrabeat de Roma. En 2016 fundó su sello Danza Tribale, donde desarrolla una visión personal del techno, profunda y envolvente, moviéndose entre lo instintivo y lo sofisticado. Ha publicado tanto en su propio sello como en [&hellip;]
